1
Let j(p) = -5*p**3 + p**2. What are the prime factors of j(-2)?
2, 11
Suppose -2*a - 5*n + 3 = 0, 5 = -6*a + 2*a + n. Let u = -1 - a. Suppose u = 3*t - 20 + 2. What are the prime factors of t?
2, 3
Suppose 5*t + 8 = 23. Suppose 2*q = t*q - 2. Suppose -2*r - 4*u + 10 = -q*u, 2*u + 17 = r. What are the prime factors of r?
3
Let p(u) = 1 + 4*u + 8 + 3 - 6. Let j be p(6). Let y = j + -11. List the prime factors of y.
19
Suppose 0 = 3*h - 6, 5*y - 2*h - 612 = 2*h. What are the prime factors of (y/(-16))/(2/(-8))?
31
Suppose 5*i + 9 = -6. Let w = i - 0. What are the prime factors of (w/5)/((-3)/30)?
2, 3
Let l be -11 - (-1 + -2 - -2). Let j = 6 - l. Let g = -6 + j. What are the prime factors of g?
2, 5
List the prime factors of 2511/15 - (-7)/(105/(-6)).
167
Suppose p = 48 + 73. What are the prime factors of p?
11
Let o = -10 - -3. Let b(i) = -4*i + 9. Let c be b(o). Let m = c + -24. List the prime factors of m.
13
Suppose -5*l + 25 = -0. Suppose -l*q + 80 = -5*d, 4*q + 4*d - 6*d = 54. List the prime factors of q.
11
Let h(g) be the first derivative of -g**4/4 - 4*g**3/3 - 3*g**2/2 - 2*g + 1. List the prime factors of h(-4).
2, 5
Suppose 4*a + 0*a = -16, -2*a = 4*q - 8. Suppose 5*z = -2*b + 78, 0*b = -2*b - q*z + 78. What are the prime factors of b?
3, 13
Suppose -2 + 7 = 4*w + k, -3*k = -4*w + 17. Suppose -w*g + 2*x = 6*x - 32, -13 = 2*g - 5*x. What are the prime factors of g?
2, 3
Let x be 4/(-6) + 23/3. Let t = x + -2. Suppose -19 = -t*l + 16. List the prime factors of l.
7
Let c = -43 + 65. List the prime factors of c.
2, 11
Let h be (4 - -95)*2/3. Suppose 2*a + 18 - h = 0. What are the prime factors of a?
2, 3
What are the prime factors of 2 - -17*(-9)/(-3)?
53
Let v be 0/((0 - -2)*-1). Suppose 2*i = 7*i - 15. Suppose -2*g - i*l + 24 = v, 0 = 4*g - 2*l - 34 - 14. List the prime factors of g.
2, 3
Suppose 4*z + 221 = 3*q, -q + z + 149 = q. Suppose 3*v - q = -3*c, v + 6 - 59 = -2*c. What are the prime factors of c?
2, 7
Let j(g) = -g**3 + 9*g**2 - 2*g - 5. Suppose -8 = -n - 2*p - 0, -5*n = 3*p - 40. What are the prime factors of j(n)?
43
Let r be ((-1)/2)/(6/(-60)). Suppose -r*b = -9*b + 180. Suppose -2*y + b = 3*y. List the prime factors of y.
3
Suppose 34 = 11*c - 10. List the prime factors of c.
2
Let t = 4 - 4. Suppose t = 3*q - 3*m - 15, m = -3*q + 5*q - 6. Suppose -q = d - 5*g + 9, -3*g + 34 = 5*d. List the prime factors of d.
5
Suppose -4*x = 2*h - 552, -3*h - 2*h + 129 = x. What are the prime factors of x?
139
Let p = 315 + -98. What are the prime factors of p?
7, 31
List the prime factors of -2*(0 + 275/(-10)).
5, 11
Let a = -8 + 10. Suppose 3 = a*d - 43. Suppose 8 = -s + d. List the prime factors of s.
3, 5
Let f(c) = -5*c + 5. What are the prime factors of f(-6)?
5, 7
Let t be ((-9)/27)/((-2)/90). Let y = 1 - -1. Suppose -t = -y*q + q. What are the prime factors of q?
3, 5
Suppose 4*r + 3*x - 2*x = -13, 17 = 4*r - 5*x. List the prime factors of (-1)/2 - 49/r.
2, 3
Let s = -119 + 109. Let n = 59 - 37. Let b = n + s. What are the prime factors of b?
2, 3
Let x(v) = 12*v**2 + 3*v - 3. List the prime factors of x(2).
3, 17
List the prime factors of (0 - (-2)/4)*64.
2
Suppose 4*t - 5*t = 0. Let h be 1 - t - (-4 - 3). Suppose 2*x - h = -2*x. What are the prime factors of x?
2
Let y be ((-52)/12 - 1)*3. Let n = 54 - 19. Let p = n + y. What are the prime factors of p?
19
Let v = 120 + -62. What are the prime factors of v?
2, 29
Let u be (-8)/6*441/(-14). Let x be 2/((-2)/(-1)) - -3. Suppose -i = -x*i + u. What are the prime factors of i?
2, 7
Let d(j) = 3*j**2 - 8*j - 7. What are the prime factors of d(-5)?
2, 3
Let h be (-5)/(-1*1/1). Suppose 108 = h*u + p, u - 12 = -0*p - 5*p. List the prime factors of u.
2, 11
Let p(m) = 20*m + 1. List the prime factors of p(3).
61
Let c(a) = 72*a - 2 - 71*a - 2 + a**2. List the prime factors of c(-5).
2
Let d(j) be the second derivative of -j**5/20 - j**3/6 - j**2/2 - 3*j. List the prime factors of d(-2).
3
List the prime factors of 72 - ((-18)/24)/(6/(-16)).
2, 5, 7
Suppose 2 = 5*v - 8. Let f(u) = 1 + 4*u - 1 - 2. What are the prime factors of f(v)?
2, 3
List the prime factors of ((-6)/(-4))/((-1)/(-84)).
2, 3, 7
Suppose -a = -5*j + 3 - 0, 5*j - 13 = -4*a. Let v = j - -1. What are the prime factors of v?
2
Let k(b) = 11*b**3 - b + 1. Let h = 6 + -3. Suppose h*o = -2*w + 4*o, 5*w + 1 = 3*o. List the prime factors of k(w).
11
Let v(r) = -r**2 + 6*r - 6. Let a be v(4). Suppose 2*m - 6 = -2*k - 2*m, 5*m = -a*k + 4. List the prime factors of k.
7
Let v = 30 + 36. List the prime factors of v.
2, 3, 11
List the prime factors of 3/(-9) + 1467/27.
2, 3
Let t(n) = n**2 + n - 4. Let p(o) = -4*o**2 + 2*o + 1. Let z(h) = -h**3 + h - 1. Let u be z(0). Let f be p(u). List the prime factors of t(f).
2
Let h(f) be the second derivative of f**5/20 + f**4/3 + f**3/6 + 2*f**2 + 3*f. List the prime factors of h(-3).
2, 5
Let z = -3 + 3. Suppose z*c + 22 = c - 3*l, 4*c = 5*l + 53. Let o(b) = -b**2 + 8*b - 4. List the prime factors of o(c).
3
Suppose -3*k = 2*k. Suppose k = -2*m + 4 + 14. What are the prime factors of m?
3
Let g(x) = -x**2 + 15*x - 14. Let q be g(11). Suppose -k - 17 = -z, -4*k + q = 2*z - 5*k. List the prime factors of z.
13
Let u = -61 - -63. List the prime factors of u.
2
Suppose s + s - 72 = 0. Suppose -x + 14 = -5*t, x - 2*t = 3*x - 4. Suppose 0 = x*b - b - s. List the prime factors of b.
2, 3
What are the prime factors of 3/2 + 15/2?
3
Let v be (-102)/(-12) - 2/4. What are the prime factors of 186/v - 3/12?
23
List the prime factors of 1 - 26*-8 - (0 + 0).
11, 19
Let i(x) = -x**3 + 2*x**2 - 1. Let l be i(1). Let u be (l - 40/6)*3. What are the prime factors of 36/15*u/(-6)?
2
Let y(a) = -a - 5. Let l be y(-5). Suppose n - 5*w = -10, -w + 2 = -5*n - l. Suppose n = 2*p - 4 - 4. List the prime factors of p.
2
Let v(u) = u**2 - 3*u + 2. Let h be v(3). Suppose a + h*r + 2 = 0, -5*a - 2*r = -a - 10. Suppose a*m + 1 = 25. What are the prime factors of m?
2, 3
Let i = -9 - -15. Let w = i + 5. List the prime factors of w.
11
Suppose -2*n - 5*s = -169, 2*n - 4*s + 89 = 3*n. What are the prime factors of n?
7, 11
Let r(n) = 2*n + 38. List the prime factors of r(-12).
2, 7
Let q be (-408)/15 - 4/(-20). Suppose 14 = 3*l + 68. Let g = l - q. What are the prime factors of g?
3
Suppose 0 = f - 4 + 7. Let t(x) = -x**3 + 2*x - 4. List the prime factors of t(f).
17
Suppose -11*j + 552 = -8*j. List the prime factors of j.
2, 23
Let w(r) = -11*r - 5. Let g be w(-4). Suppose 0 = -4*a + 7*a - g. What are the prime factors of a?
13
Let w = 82 - 16. List the prime factors of w.
2, 3, 11
Let n(z) = -z**3 - 3*z**2 + 6*z + 4. Let i be n(-4). Let d be -7 - i/(12/9). What are the prime factors of d/((-8)/7)*2?
7
Suppose 5*x - 34 - 5 = -i, 2*x - i - 10 = 0. Suppose 0*n + 5*n + 20 = 0. Let d = n + x. What are the prime factors of d?
3
Suppose 653 + 343 = 6*q. List the prime factors of q.
2, 83
Suppose 5*f - 183 = 3*p - 0*p, 2*f - 5*p = 77. What are the prime factors of f?
2, 3
Let b be 4/6 + 2/(-3). Suppose 2*a + 6 = -i - 2, 3*a + 12 = 0. Suppose i = -b*y - y + 13. What are the prime factors of y?
13
Let c(a) = 219*a**3 - 2*a**2 + 2*a + 1. List the prime factors of c(1).
2, 5, 11
List the prime factors of 2002/78 + 2/6.
2, 13
Let f be 1*(-15)/(-6)*-6. Suppose -a + 13 = -0*a - b, -5*a - 5*b = -15. What are the prime factors of (a/(-5))/(2/f)?
2, 3
Let o(t) = -t**3 + 13*t**2 + 33*t - 15. What are the prime factors of o(15)?
2, 3, 5
Let s(d) = d**2 + 2*d + 7. What are the prime factors of s(0)?
7
List the prime factors of (-1)/(596/(-296) + 2).
2, 37
Suppose j + 6 = -j. Let l = 12 - j. What are the prime factors of l?
3, 5
Let n(p) = p**3 - 8*p**2 + 3*p - 9. Let w be -4*(2 + (-3 - 0)). Suppose 2*k - 22 = -k - 2*t, 36 = 4*k - w*t. List the prime factors of n(k).
3, 5
Suppose -5*g = 10, -3*n + 2*g + 3*g + 43 = 0. Suppose -4*l + 15 = 2*u + l, 0 = -3*u + 4*l + n. List the prime factors of u.
5
Let d(h) = h**2 + 5*h - 5. Let t be d(-6). List the prime factors of (5/15)/(t/45).
3, 5
Let q = -502 + 888. What are the prime factors of q?
2, 193
Let c(v) = -4*v**3 + 3*v**2 + 3*v + 1. What are the prime factors of c(-1)?
5
Let j(s) = -s - 12. Let q be j(-5). Let h = -1 - -12. Let l = q + h. List the prime factors of l.
2
Let g(a) = -a + 1. Let